{"id":499,"date":"2022-03-17T00:38:35","date_gmt":"2022-03-17T00:38:35","guid":{"rendered":"http:\/\/juanramon.tfgudcfeegsfv2022.es\/blog\/?post_type=product&#038;p=499"},"modified":"2022-07-29T16:54:57","modified_gmt":"2022-07-29T16:54:57","slug":"kombucha-komvida-te-verde-250-ml","status":"publish","type":"product","link":"https:\/\/garum.carlarey.es\/index.php\/producto\/kombucha-komvida-te-verde-250-ml\/","title":{"rendered":"Kombucha Komvida t\u00e9 verde &#8211; 250 ml"},"content":{"rendered":"<p style=\"text-align: justify;\">La kombucha es una bebida milenaria que ya tomaban los samur\u00e1is y que se consigue gracias a la fermentaci\u00f3n natural de t\u00e9 verde y az\u00facar que lleva a cabo una colonia de bacterias y levaduras llamada Scoby. En el proceso de fermentaci\u00f3n, el Scoby se come casi todo el az\u00facar y produce unas burbujas que convierten a la kombucha en un refresco delicioso.<\/p>\n","protected":false},"excerpt":{"rendered":"<p>Greenvida (original\/t\u00e9 verde).<\/p>\n","protected":false},"featured_media":81,"comment_status":"open","ping_status":"closed","template":"","meta":[],"product_cat":[27],"product_tag":[],"class_list":["post-499","product","type-product","status-publish","has-post-thumbnail","hentry","product_cat-kombutcha"],"_links":{"self":[{"href":"https:\/\/garum.carlarey.es\/index.php\/wp-json\/wp\/v2\/product\/499","targetHints":{"allow":["GET"]}}],"collection":[{"href":"https:\/\/garum.carlarey.es\/index.php\/wp-json\/wp\/v2\/product"}],"about":[{"href":"https:\/\/garum.carlarey.es\/index.php\/wp-json\/wp\/v2\/types\/product"}],"replies":[{"embeddable":true,"href":"https:\/\/garum.carlarey.es\/index.php\/wp-json\/wp\/v2\/comments?post=499"}],"wp:featuredmedia":[{"embeddable":true,"href":"https:\/\/garum.carlarey.es\/index.php\/wp-json\/wp\/v2\/media\/81"}],"wp:attachment":[{"href":"https:\/\/garum.carlarey.es\/index.php\/wp-json\/wp\/v2\/media?parent=499"}],"wp:term":[{"taxonomy":"product_cat","embeddable":true,"href":"https:\/\/garum.carlarey.es\/index.php\/wp-json\/wp\/v2\/product_cat?post=499"},{"taxonomy":"product_tag","embeddable":true,"href":"https:\/\/garum.carlarey.es\/index.php\/wp-json\/wp\/v2\/product_tag?post=499"}],"curies":[{"name":"wp","href":"https:\/\/api.w.org\/{rel}","templated":true}]}}