{"id":464,"date":"2022-03-16T20:37:33","date_gmt":"2022-03-16T20:37:33","guid":{"rendered":"http:\/\/juanramon.tfgudcfeegsfv2022.es\/blog\/?post_type=product&#038;p=464"},"modified":"2022-07-29T19:00:13","modified_gmt":"2022-07-29T19:00:13","slug":"sobrasada-de-mallorca-la-ermita-750-g","status":"publish","type":"product","link":"https:\/\/garum.carlarey.es\/index.php\/producto\/sobrasada-de-mallorca-la-ermita-750-g\/","title":{"rendered":"Sobrasada de Mallorca La Ermita &#8211; 750 g"},"content":{"rendered":"<p style=\"text-align: justify;\">La Sobrasada es un embutido t\u00edpico de las Islas Baleares y muy consumido en Espa\u00f1a, con una larga tradici\u00f3n, se obtiene del cerdo y su preparaci\u00f3n y maduraci\u00f3n permit\u00eda antiguamente disponer de carne durante mucho tiempo.<\/p>\n<p style=\"text-align: justify;\">Tanto su elaboraci\u00f3n, como sus ingredientes, la convierten en la Sobrasada de Mallorca, que tiene un sabor m\u00e1s tradicional.<\/p>\n<p style=\"text-align: justify;\">Por su textura es perfecta para untarla en el pan, se puede utilizar en cocina para rellenos y salsas.<\/p>\n<p style=\"text-align: justify;\">La sobrasada, junto con las ensaimadas son el recuerdo t\u00edpico que todo el mundo se lleva a casa cuando vuelve de viaje de Mallorca.<\/p>\n","protected":false},"excerpt":{"rendered":"<p style=\"text-align: justify;\">Sobrasada de Mallorca en Tripa, Indicaci\u00f3n Geogr\u00e1fica Protegida.<\/p>\n","protected":false},"featured_media":64,"comment_status":"open","ping_status":"closed","template":"","meta":[],"product_cat":[23],"product_tag":[],"class_list":["post-464","product","type-product","status-publish","has-post-thumbnail","hentry","product_cat-embutidos"],"_links":{"self":[{"href":"https:\/\/garum.carlarey.es\/index.php\/wp-json\/wp\/v2\/product\/464","targetHints":{"allow":["GET"]}}],"collection":[{"href":"https:\/\/garum.carlarey.es\/index.php\/wp-json\/wp\/v2\/product"}],"about":[{"href":"https:\/\/garum.carlarey.es\/index.php\/wp-json\/wp\/v2\/types\/product"}],"replies":[{"embeddable":true,"href":"https:\/\/garum.carlarey.es\/index.php\/wp-json\/wp\/v2\/comments?post=464"}],"wp:featuredmedia":[{"embeddable":true,"href":"https:\/\/garum.carlarey.es\/index.php\/wp-json\/wp\/v2\/media\/64"}],"wp:attachment":[{"href":"https:\/\/garum.carlarey.es\/index.php\/wp-json\/wp\/v2\/media?parent=464"}],"wp:term":[{"taxonomy":"product_cat","embeddable":true,"href":"https:\/\/garum.carlarey.es\/index.php\/wp-json\/wp\/v2\/product_cat?post=464"},{"taxonomy":"product_tag","embeddable":true,"href":"https:\/\/garum.carlarey.es\/index.php\/wp-json\/wp\/v2\/product_tag?post=464"}],"curies":[{"name":"wp","href":"https:\/\/api.w.org\/{rel}","templated":true}]}}