{"id":460,"date":"2022-03-16T20:34:38","date_gmt":"2022-03-16T20:34:38","guid":{"rendered":"http:\/\/juanramon.tfgudcfeegsfv2022.es\/blog\/?post_type=product&#038;p=460"},"modified":"2022-07-29T19:01:21","modified_gmt":"2022-07-29T19:01:21","slug":"chorizo-de-leon-dulce-pablo-450-g","status":"publish","type":"product","link":"https:\/\/garum.carlarey.es\/index.php\/producto\/chorizo-de-leon-dulce-pablo-450-g\/","title":{"rendered":"Chorizo de Le\u00f3n dulce Pablo &#8211; 450 g"},"content":{"rendered":"<p style=\"text-align: justify;\">Elaboraci\u00f3n artesanal de embutidos t\u00edpicos de Le\u00f3n. Manteniendo el \u00absabor a pueblo\u00bb durante tres generaciones.<\/p>\n<p style=\"text-align: justify;\">Sabor caracter\u00edstico del t\u00edpico producto ahumado y curado. Color rojizo otorgado por el piment\u00f3n utilizado para adobar la carne. Producto curado y embutido, listo para consumir.<\/p>\n<p style=\"text-align: justify;\">El chorizo de Le\u00f3n se debe conservar en lugar fresco y seco, sin luz del sol directa<\/p>\n<p style=\"text-align: justify;\">INGREDIENTES: Magro de cerdo (70%), Panceta (26.68%), piment\u00f3n (3%), Ajo (0.01%), or\u00e9gano (0. 01%) (0.3% Aditivos): sal, dextrosa, dextrina, estabilizadores: Fosfatos (E-451), Antioxidante: Isoascorbato s\u00f3dico (E-316) Conservadores: nitrito s\u00f3dico (E-250) y Nitrato pot\u00e1sico (E-252). Producto ahumado. Sin al\u00e9rgenos.<\/p>\n","protected":false},"excerpt":{"rendered":"<p style=\"text-align: justify;\">Chorizo de Le\u00f3n dulce sin gluten pieza 450 g.<\/p>\n","protected":false},"featured_media":57,"comment_status":"open","ping_status":"closed","template":"","meta":[],"product_cat":[23],"product_tag":[],"class_list":["post-460","product","type-product","status-publish","has-post-thumbnail","hentry","product_cat-embutidos"],"_links":{"self":[{"href":"https:\/\/garum.carlarey.es\/index.php\/wp-json\/wp\/v2\/product\/460","targetHints":{"allow":["GET"]}}],"collection":[{"href":"https:\/\/garum.carlarey.es\/index.php\/wp-json\/wp\/v2\/product"}],"about":[{"href":"https:\/\/garum.carlarey.es\/index.php\/wp-json\/wp\/v2\/types\/product"}],"replies":[{"embeddable":true,"href":"https:\/\/garum.carlarey.es\/index.php\/wp-json\/wp\/v2\/comments?post=460"}],"wp:featuredmedia":[{"embeddable":true,"href":"https:\/\/garum.carlarey.es\/index.php\/wp-json\/wp\/v2\/media\/57"}],"wp:attachment":[{"href":"https:\/\/garum.carlarey.es\/index.php\/wp-json\/wp\/v2\/media?parent=460"}],"wp:term":[{"taxonomy":"product_cat","embeddable":true,"href":"https:\/\/garum.carlarey.es\/index.php\/wp-json\/wp\/v2\/product_cat?post=460"},{"taxonomy":"product_tag","embeddable":true,"href":"https:\/\/garum.carlarey.es\/index.php\/wp-json\/wp\/v2\/product_tag?post=460"}],"curies":[{"name":"wp","href":"https:\/\/api.w.org\/{rel}","templated":true}]}}