{"id":458,"date":"2022-03-16T20:33:30","date_gmt":"2022-03-16T20:33:30","guid":{"rendered":"http:\/\/juanramon.tfgudcfeegsfv2022.es\/blog\/?post_type=product&#038;p=458"},"modified":"2022-07-29T19:02:00","modified_gmt":"2022-07-29T19:02:00","slug":"cecina-de-leon-manolo-1-kg","status":"publish","type":"product","link":"https:\/\/garum.carlarey.es\/index.php\/producto\/cecina-de-leon-manolo-1-kg\/","title":{"rendered":"Cecina de Le\u00f3n Manolo &#8211; 1 Kg"},"content":{"rendered":"<p style=\"text-align: justify;\">Uno de los platos estrella de la gastronom\u00eda Leonesa. El sabor que adquiere tras su ahumado y secado est\u00e1 al alcance de muy pocas carnes. La cecina es una gran elecci\u00f3n para probar carne curada sin apenas grasa. Por estos motivos, la cecina de Le\u00f3n se ha convertido en un alimento tan solicitado en todo el mundo.<\/p>\n<p style=\"text-align: justify;\">Extraer el producto del envase, al menos una hora antes de consumirlo, de este modo, se oxigenar\u00e1 y podremos disfrutar de todo su sabor.<\/p>\n","protected":false},"excerpt":{"rendered":"<p style=\"text-align: justify;\">Uno de los platos estrella de la gastronom\u00eda Leonesa.<\/p>\n","protected":false},"featured_media":55,"comment_status":"open","ping_status":"closed","template":"","meta":[],"product_cat":[23],"product_tag":[],"class_list":["post-458","product","type-product","status-publish","has-post-thumbnail","hentry","product_cat-embutidos"],"_links":{"self":[{"href":"https:\/\/garum.carlarey.es\/index.php\/wp-json\/wp\/v2\/product\/458","targetHints":{"allow":["GET"]}}],"collection":[{"href":"https:\/\/garum.carlarey.es\/index.php\/wp-json\/wp\/v2\/product"}],"about":[{"href":"https:\/\/garum.carlarey.es\/index.php\/wp-json\/wp\/v2\/types\/product"}],"replies":[{"embeddable":true,"href":"https:\/\/garum.carlarey.es\/index.php\/wp-json\/wp\/v2\/comments?post=458"}],"wp:featuredmedia":[{"embeddable":true,"href":"https:\/\/garum.carlarey.es\/index.php\/wp-json\/wp\/v2\/media\/55"}],"wp:attachment":[{"href":"https:\/\/garum.carlarey.es\/index.php\/wp-json\/wp\/v2\/media?parent=458"}],"wp:term":[{"taxonomy":"product_cat","embeddable":true,"href":"https:\/\/garum.carlarey.es\/index.php\/wp-json\/wp\/v2\/product_cat?post=458"},{"taxonomy":"product_tag","embeddable":true,"href":"https:\/\/garum.carlarey.es\/index.php\/wp-json\/wp\/v2\/product_tag?post=458"}],"curies":[{"name":"wp","href":"https:\/\/api.w.org\/{rel}","templated":true}]}}