{"id":432,"date":"2022-03-16T19:33:31","date_gmt":"2022-03-16T19:33:31","guid":{"rendered":"http:\/\/juanramon.tfgudcfeegsfv2022.es\/blog\/?post_type=product&#038;p=432"},"modified":"2022-07-29T19:08:30","modified_gmt":"2022-07-29T19:08:30","slug":"queso-brie-de-meaux-250-g","status":"publish","type":"product","link":"https:\/\/garum.carlarey.es\/index.php\/producto\/queso-brie-de-meaux-250-g\/","title":{"rendered":"Queso Brie de Meaux &#8211; 250 g"},"content":{"rendered":"<p style=\"text-align: justify;\">El Brie que elaboran en Dong\u00e9 nos habla de frutas, de sabores vegetales, todo ello inmerso en una cremosidad dif\u00edcil de conseguir sin que las notas amargas aparezcan en el queso. Puro equilibrio, el Brie de Dong\u00e9 tiene un aroma terroso con un sutil sabor a mantequilla, avellanas, col y setas.<\/p>\n<p style=\"text-align: justify;\">Lejos de la fabricaci\u00f3n industrial, se jactan de seguir utilizando la leche de las vacas de la zona para preservar las tradiciones locales, siendo totalmente conscientes de que, para elaborar grandes quesos, la leche ha de ser excepcional.<\/p>\n","protected":false},"excerpt":{"rendered":"<p style=\"text-align: justify;\">Queso de pasta blanda elaborado con leche cruda de vaca DOP Dong\u00e9 (Francia).<\/p>\n","protected":false},"featured_media":120,"comment_status":"open","ping_status":"closed","template":"","meta":[],"product_cat":[22],"product_tag":[],"class_list":["post-432","product","type-product","status-publish","has-post-thumbnail","hentry","product_cat-quesos"],"_links":{"self":[{"href":"https:\/\/garum.carlarey.es\/index.php\/wp-json\/wp\/v2\/product\/432","targetHints":{"allow":["GET"]}}],"collection":[{"href":"https:\/\/garum.carlarey.es\/index.php\/wp-json\/wp\/v2\/product"}],"about":[{"href":"https:\/\/garum.carlarey.es\/index.php\/wp-json\/wp\/v2\/types\/product"}],"replies":[{"embeddable":true,"href":"https:\/\/garum.carlarey.es\/index.php\/wp-json\/wp\/v2\/comments?post=432"}],"wp:featuredmedia":[{"embeddable":true,"href":"https:\/\/garum.carlarey.es\/index.php\/wp-json\/wp\/v2\/media\/120"}],"wp:attachment":[{"href":"https:\/\/garum.carlarey.es\/index.php\/wp-json\/wp\/v2\/media?parent=432"}],"wp:term":[{"taxonomy":"product_cat","embeddable":true,"href":"https:\/\/garum.carlarey.es\/index.php\/wp-json\/wp\/v2\/product_cat?post=432"},{"taxonomy":"product_tag","embeddable":true,"href":"https:\/\/garum.carlarey.es\/index.php\/wp-json\/wp\/v2\/product_tag?post=432"}],"curies":[{"name":"wp","href":"https:\/\/api.w.org\/{rel}","templated":true}]}}