{"id":346,"date":"2022-03-15T10:51:49","date_gmt":"2022-03-15T10:51:49","guid":{"rendered":"http:\/\/juanramon.tfgudcfeegsfv2022.es\/blog\/?page_id=346"},"modified":"2022-03-15T10:51:49","modified_gmt":"2022-03-15T10:51:49","slug":"politica-de-privacidad","status":"publish","type":"page","link":"https:\/\/garum.carlarey.es\/index.php\/politica-de-privacidad\/","title":{"rendered":"Pol\u00edtica de privacidad"},"content":{"rendered":"<p style=\"text-align: justify;\">En el \u00e1mbito de la relaci\u00f3n de prestaci\u00f3n de servicios en el \u00e1mbito de la Ley Org\u00e1nica 15\/1999, de 13 de diciembre, de Protecci\u00f3n de Datos de Car\u00e1cter Personal (LOPD), del Real Decreto 1720\/2007, de 21 de diciembre, por el que se aprueba el Reglamento de desarrollo de la misma, as\u00ed como en el Reglamento (UE) 2016\/679 del Parlamento Europeo y del Consejo, de 27 de abril de 2016, relativo a la protecci\u00f3n de las personas f\u00edsicas en lo que respecta al tratamiento de datos personales, por el que se deroga la directiva 95\/46\/CE (RGPD) y de la Ley 34\/2002, de 11 de julio, de servicios de la sociedad de la informaci\u00f3n y de comercio electr\u00f3nico (LSSI-CE), Garum S.L.U. garantiza la protecci\u00f3n y confidencialidad de los datos personales, de cualquier tipo que nos proporcionen nuestros clientes, de acuerdo con lo dispuesto en el Reglamento General de Protecci\u00f3n de Datos de Car\u00e1cter Personal.<\/p>\n\n\n<h2 class=\"wp-block-heading\"><strong>Responsable del tratamiento<\/strong><\/h2>\n\n\n<p><strong>Titular<\/strong>: Distribuci\u00f3n delicatessen Cave Garum, S.L.U.<br \/><strong>CIF<\/strong>: B-78923125<br \/><strong>Actividad<\/strong>: Tienda de productos gourmet online<br \/><strong>Domicilio<\/strong>: V\u00eda Decumana, n\u00famero 00, Antigua Roma, 12345<br \/><strong>Tel\u00e9fono<\/strong>: +34 987 654 321<br \/><strong>Correo electr\u00f3nico<\/strong>: garum@nocontacto.com<\/p>\n\n\n<h2 class=\"wp-block-heading\"><strong>Finalidad<\/strong><\/h2>\n\n\n<p style=\"text-align: justify;\">Garum puede recopilar la siguiente informaci\u00f3n personal de los Usuarios del sitio web a trav\u00e9s de los formularios correspondientes: nombre, apellidos, n\u00famero de DNI, correo electr\u00f3nico, direcci\u00f3n postal, tel\u00e9fono, y cuando sea aplicable, datos de pago y direcci\u00f3n de facturaci\u00f3n.<br>Estos datos resultan imprescindibles para prestar los servicios requeridos por los usuarios, o para resolver las cuestiones planteadas por los mismos. Nuestra pol\u00edtica es no elaborar perfiles sobre los usuarios de nuestros servicios.<br>Asimismo para que el sitio web funcione correctamente necesita utilizar cookies. En la p\u00e1gina <a href=\"https:\/\/juanramon.tfgudcfeegsfv2022.es\/blog\/politica-de-cookies\/\">Pol\u00edtica de Cookies<\/a> puedes acceder a toda la informaci\u00f3n sobre recogida, finalidad y tratamiento de las cookies.<\/p>\n\n\n<h2 class=\"wp-block-heading\"><strong>Legitimidad<\/strong><\/h2>\n\n\n<p style=\"text-align: justify;\">Tiene una triple vertiente: por la relaci\u00f3n contractual, cada vez que compra uno de nuestros productos o contrata nuestros servicios, en virtud de un inter\u00e9s leg\u00edtimo en el caso de resoluci\u00f3n de dudas o en el caso de gestionar cobros de las cantidades adeudadas y en \u00faltimo lugar la base es su consentimiento, cada vez que accede a nuestro sitio web y rellena alguno de los formularios nos autoriza para emplear los datos que se nos proporcionan.<\/p>\n\n\n<h2 class=\"wp-block-heading\"><strong>Destinatarios<\/strong><\/h2>\n\n\n<p style=\"text-align: justify;\">No cedemos sus datos personales a nadie, salvo aquellas entidades p\u00fablicas o privadas para con las que exista una obligaci\u00f3n legal de facilitar sus datos personales.<\/p>\n\n\n<h2 class=\"wp-block-heading\"><strong>Seguridad<\/strong><\/h2>\n\n\n<p style=\"text-align: justify;\">El Titular ha instalado las medidas t\u00e9cnicas a su alcance para evitar la p\u00e9rdida, mal uso, modificaci\u00f3n, acceso no autorizado por terceros. No obstante, el usuario debe ser consciente de que las medidas de seguridad en Internet no son inexpugnables.<\/p>\n\n\n<h2 class=\"wp-block-heading\"><strong>Sus derechos<\/strong><\/h2>\n\n\n<p>Como interesado podr\u00e1 ejercer los siguientes derechos:<\/p>\n<ul>\n<li>Acceder a sus datos personales<\/li>\n<li>Rectificar cualquier dato personal inexacto<\/li>\n<li>Suprimir sus datos personales cuando se posible<\/li>\n<li>Limitar el tratamiento de sus datos personales<\/li>\n<li>Oponerse al tratamiento de sus datos personales<\/li>\n<li>Retirar el consentimiento otorgado al Titular<\/li>\n<\/ul>\n\n\n<h2 class=\"wp-block-heading\"><strong>Tutela de derechos<\/strong><\/h2>\n\n\n<p style=\"text-align: justify;\">En caso de apreciar vulneraci\u00f3n o erosi\u00f3n de sus derechos por Garum, puede interponer una reclamaci\u00f3n en la Agencia Espa\u00f1ola de Protecci\u00f3n de Datos, que no conlleva coste alguno ni es preceptiva la asistencia de abogado o procurador.<\/p>\n\n\n<h2 class=\"wp-block-heading\"><strong>Actualizaciones<\/strong><\/h2>\n\n\n<p style=\"text-align: justify;\">El Titular se reserva el derecho a modificar la presente pol\u00edtica para adaptarla a novedades legislativas o jurisprudenciales que puedan afectar el cumplimiento de la misma.<\/p>","protected":false},"excerpt":{"rendered":"<p>En el \u00e1mbito de la relaci\u00f3n de prestaci\u00f3n de servicios en el \u00e1mbito de la Ley Org\u00e1nica 15\/1999, de 13 de diciembre, de Protecci\u00f3n de Datos de Car\u00e1cter Personal (LOPD), del Real Decreto 1720\/2007, de 21 de diciembre, por el que se aprueba el Reglamento de desarrollo de la misma, as\u00ed como en el Reglamento<\/p>\n<div class=\"more-link\">\n\t\t\t\t <a href=\"https:\/\/garum.carlarey.es\/index.php\/politica-de-privacidad\/\" class=\"btn theme-btn\"><span>Leer m\u00e1s <\/span><\/a>\n\t\t\t<\/div>\n","protected":false},"author":3,"featured_media":0,"parent":0,"menu_order":0,"comment_status":"closed","ping_status":"closed","template":"","meta":{"footnotes":""},"class_list":["post-346","page","type-page","status-publish","hentry"],"_links":{"self":[{"href":"https:\/\/garum.carlarey.es\/index.php\/wp-json\/wp\/v2\/pages\/346","targetHints":{"allow":["GET"]}}],"collection":[{"href":"https:\/\/garum.carlarey.es\/index.php\/wp-json\/wp\/v2\/pages"}],"about":[{"href":"https:\/\/garum.carlarey.es\/index.php\/wp-json\/wp\/v2\/types\/page"}],"author":[{"embeddable":true,"href":"https:\/\/garum.carlarey.es\/index.php\/wp-json\/wp\/v2\/users\/3"}],"replies":[{"embeddable":true,"href":"https:\/\/garum.carlarey.es\/index.php\/wp-json\/wp\/v2\/comments?post=346"}],"version-history":[{"count":0,"href":"https:\/\/garum.carlarey.es\/index.php\/wp-json\/wp\/v2\/pages\/346\/revisions"}],"wp:attachment":[{"href":"https:\/\/garum.carlarey.es\/index.php\/wp-json\/wp\/v2\/media?parent=346"}],"curies":[{"name":"wp","href":"https:\/\/api.w.org\/{rel}","templated":true}]}}